{"id":26,"date":"2020-03-01T14:59:49","date_gmt":"2020-03-01T13:59:49","guid":{"rendered":"https:\/\/supplychange.de\/?page_id=26"},"modified":"2020-07-27T22:48:28","modified_gmt":"2020-07-27T20:48:28","slug":"startseite","status":"publish","type":"page","link":"https:\/\/supplychange.de\/","title":{"rendered":"Willkommen"},"content":{"rendered":"\n<p class=\"has-text-align-center\">Willkommen bei SupplyChange! Wenn euch das Thema Nachhaltigkeit im Alltag interessiert, seid ihr hier genau richtig! Vielleicht findet ihr ja ein paar Tipps und Tricks, die ihr in euren Alltag \u00fcbernehmen wollt!<\/p>\n\n\n\n<figure class=\"wp-block-image size-large\"><img loading=\"lazy\" width=\"1024\" height=\"768\" src=\"https:\/\/supplychange.de\/wp-content\/uploads\/2020\/06\/DSCN8247.jpg\" alt=\"\" class=\"wp-image-504\" srcset=\"https:\/\/supplychange.de\/wp-content\/uploads\/2020\/06\/DSCN8247.jpg 1024w, https:\/\/supplychange.de\/wp-content\/uploads\/2020\/06\/DSCN8247-300x225.jpg 300w, https:\/\/supplychange.de\/wp-content\/uploads\/2020\/06\/DSCN8247-768x576.jpg 768w, https:\/\/supplychange.de\/wp-content\/uploads\/2020\/06\/DSCN8247-766x575.jpg 766w\" sizes=\"(max-width: 1024px) 100vw, 1024px\" \/><figcaption>Wir sind Laura &amp; Valentin<\/figcaption><\/figure>\n\n\n\n<hr class=\"wp-block-separator\"\/>\n\n\n\n<h4 class=\"has-text-align-center\"> <strong>Ihr wollt wissen wer &#8220;wir&#8221; eigentlich sind? <\/strong><\/h4>\n\n\n\n<div class=\"wp-block-button aligncenter\"><a class=\"wp-block-button__link has-text-color has-white-color has-background has-gray-background-color\" href=\"https:\/\/supplychange.de\/?page_id=15\">Mehr \u00fcber uns<\/a><\/div>\n\n\n\n<hr class=\"wp-block-separator\"\/>\n\n\n\n<h4 class=\"has-text-align-center\"><strong>Euch interessiert \u00fcber was wir so schreiben?<\/strong><\/h4>\n\n\n\n<p class=\"has-text-align-center\">Ihr k\u00f6nnt alle Beitr\u00e4ge zu einem der unten genannten Themen einsehen&#8230;<\/p>\n\n\n\n<div class=\"wp-block-columns\">\n<div class=\"wp-block-column\" style=\"flex-basis:25%\"><\/div>\n\n\n\n<div class=\"wp-block-column\" style=\"flex-basis:50%\"><p class=\"wp-block-tag-cloud\"><a href=\"https:\/\/supplychange.de\/?cat=1\" class=\"tag-cloud-link tag-link-1 tag-link-position-1\" style=\"font-size: 11.756097560976pt;\" aria-label=\"Allgemein (4\u00a0Eintr\u00e4ge)\">Allgemein<\/a>\n<a href=\"https:\/\/supplychange.de\/?cat=17\" class=\"tag-cloud-link tag-link-17 tag-link-position-2\" style=\"font-size: 14.317073170732pt;\" aria-label=\"Bekleidung (6\u00a0Eintr\u00e4ge)\">Bekleidung<\/a>\n<a href=\"https:\/\/supplychange.de\/?cat=22\" class=\"tag-cloud-link tag-link-22 tag-link-position-3\" style=\"font-size: 13.121951219512pt;\" aria-label=\"Familie Wurm (5\u00a0Eintr\u00e4ge)\">Familie Wurm<\/a>\n<a href=\"https:\/\/supplychange.de\/?cat=18\" class=\"tag-cloud-link tag-link-18 tag-link-position-4\" style=\"font-size: 10.048780487805pt;\" aria-label=\"Fr\u00fchling (3\u00a0Eintr\u00e4ge)\">Fr\u00fchling<\/a>\n<a href=\"https:\/\/supplychange.de\/?cat=21\" class=\"tag-cloud-link tag-link-21 tag-link-position-5\" style=\"font-size: 8pt;\" aria-label=\"Hygiene (2\u00a0Eintr\u00e4ge)\">Hygiene<\/a>\n<a href=\"https:\/\/supplychange.de\/?cat=12\" class=\"tag-cloud-link tag-link-12 tag-link-position-6\" style=\"font-size: 20.80487804878pt;\" aria-label=\"Lebensmittel (16\u00a0Eintr\u00e4ge)\">Lebensmittel<\/a>\n<a href=\"https:\/\/supplychange.de\/?cat=11\" class=\"tag-cloud-link tag-link-11 tag-link-position-7\" style=\"font-size: 22pt;\" aria-label=\"M\u00fcllvermeidung (19\u00a0Eintr\u00e4ge)\">M\u00fcllvermeidung<\/a>\n<a href=\"https:\/\/supplychange.de\/?cat=14\" class=\"tag-cloud-link tag-link-14 tag-link-position-8\" style=\"font-size: 16.024390243902pt;\" aria-label=\"Recycling (8\u00a0Eintr\u00e4ge)\">Recycling<\/a>\n<a href=\"https:\/\/supplychange.de\/?cat=20\" class=\"tag-cloud-link tag-link-20 tag-link-position-9\" style=\"font-size: 16.878048780488pt;\" aria-label=\"Ressourcen sparen (9\u00a0Eintr\u00e4ge)\">Ressourcen sparen<\/a>\n<a href=\"https:\/\/supplychange.de\/?cat=24\" class=\"tag-cloud-link tag-link-24 tag-link-position-10\" style=\"font-size: 10.048780487805pt;\" aria-label=\"s&#039;Bussle (3\u00a0Eintr\u00e4ge)\">s&#039;Bussle<\/a>\n<a href=\"https:\/\/supplychange.de\/?cat=19\" class=\"tag-cloud-link tag-link-19 tag-link-position-11\" style=\"font-size: 13.121951219512pt;\" aria-label=\"Soziale Fairness (5\u00a0Eintr\u00e4ge)\">Soziale Fairness<\/a><\/p><\/div>\n\n\n\n<div class=\"wp-block-column\" style=\"flex-basis:25%\"><\/div>\n<\/div>\n\n\n\n<p class=\"has-text-align-center\">&#8230;oder in unsere letzten Beitr\u00e4ge reinschauen&#8230;<\/p>\n\n\n<ul class=\"wp-block-latest-posts__list is-grid columns-2 wp-block-latest-posts\"><li><div class=\"wp-block-latest-posts__featured-image\"><img width=\"766\" height=\"575\" src=\"https:\/\/supplychange.de\/wp-content\/uploads\/2021\/01\/earthworm-686592_1280-1024x768.jpg\" class=\"attachment-large size-large wp-post-image\" alt=\"\" loading=\"lazy\" style=\"\" srcset=\"https:\/\/supplychange.de\/wp-content\/uploads\/2021\/01\/earthworm-686592_1280-1024x768.jpg 1024w, https:\/\/supplychange.de\/wp-content\/uploads\/2021\/01\/earthworm-686592_1280-300x225.jpg 300w, https:\/\/supplychange.de\/wp-content\/uploads\/2021\/01\/earthworm-686592_1280-768x576.jpg 768w, https:\/\/supplychange.de\/wp-content\/uploads\/2021\/01\/earthworm-686592_1280-766x575.jpg 766w, https:\/\/supplychange.de\/wp-content\/uploads\/2021\/01\/earthworm-686592_1280.jpg 1280w\" sizes=\"(max-width: 766px) 100vw, 766px\" \/><\/div><a href=\"https:\/\/supplychange.de\/?p=668\">Drama um Familie Wurm \u2013 Teil 2<\/a><\/li>\n<li><div class=\"wp-block-latest-posts__featured-image\"><img width=\"766\" height=\"575\" src=\"https:\/\/supplychange.de\/wp-content\/uploads\/2021\/01\/IMG_20210102_124210-1024x768.jpg\" class=\"attachment-large size-large wp-post-image\" alt=\"\" loading=\"lazy\" style=\"\" srcset=\"https:\/\/supplychange.de\/wp-content\/uploads\/2021\/01\/IMG_20210102_124210-1024x768.jpg 1024w, https:\/\/supplychange.de\/wp-content\/uploads\/2021\/01\/IMG_20210102_124210-300x225.jpg 300w, https:\/\/supplychange.de\/wp-content\/uploads\/2021\/01\/IMG_20210102_124210-768x576.jpg 768w, https:\/\/supplychange.de\/wp-content\/uploads\/2021\/01\/IMG_20210102_124210-1536x1152.jpg 1536w, https:\/\/supplychange.de\/wp-content\/uploads\/2021\/01\/IMG_20210102_124210-2048x1536.jpg 2048w, https:\/\/supplychange.de\/wp-content\/uploads\/2021\/01\/IMG_20210102_124210-766x575.jpg 766w\" sizes=\"(max-width: 766px) 100vw, 766px\" \/><\/div><a href=\"https:\/\/supplychange.de\/?p=664\">Drama um Familie Wurm \u2013 Teil 1<\/a><\/li>\n<li><div class=\"wp-block-latest-posts__featured-image\"><img width=\"766\" height=\"575\" src=\"https:\/\/supplychange.de\/wp-content\/uploads\/2020\/10\/IMG_20201024_102458-1024x768.jpg\" class=\"attachment-large size-large wp-post-image\" alt=\"\" loading=\"lazy\" style=\"\" srcset=\"https:\/\/supplychange.de\/wp-content\/uploads\/2020\/10\/IMG_20201024_102458-1024x768.jpg 1024w, https:\/\/supplychange.de\/wp-content\/uploads\/2020\/10\/IMG_20201024_102458-300x225.jpg 300w, https:\/\/supplychange.de\/wp-content\/uploads\/2020\/10\/IMG_20201024_102458-768x576.jpg 768w, https:\/\/supplychange.de\/wp-content\/uploads\/2020\/10\/IMG_20201024_102458-1536x1152.jpg 1536w, https:\/\/supplychange.de\/wp-content\/uploads\/2020\/10\/IMG_20201024_102458-2048x1536.jpg 2048w, https:\/\/supplychange.de\/wp-content\/uploads\/2020\/10\/IMG_20201024_102458-766x575.jpg 766w\" sizes=\"(max-width: 766px) 100vw, 766px\" \/><\/div><a href=\"https:\/\/supplychange.de\/?p=475\">Gebraucht kaufen &#8211; Geld und Ressourcen sparen<\/a><\/li>\n<li><div class=\"wp-block-latest-posts__featured-image\"><img width=\"766\" height=\"575\" src=\"https:\/\/supplychange.de\/wp-content\/uploads\/2020\/08\/IMG_20200711_134920-scaled-e1598810279527-1024x768.jpg\" class=\"attachment-large size-large wp-post-image\" alt=\"\" loading=\"lazy\" style=\"\" srcset=\"https:\/\/supplychange.de\/wp-content\/uploads\/2020\/08\/IMG_20200711_134920-scaled-e1598810279527-1024x768.jpg 1024w, https:\/\/supplychange.de\/wp-content\/uploads\/2020\/08\/IMG_20200711_134920-scaled-e1598810279527-300x225.jpg 300w, https:\/\/supplychange.de\/wp-content\/uploads\/2020\/08\/IMG_20200711_134920-scaled-e1598810279527-768x576.jpg 768w, https:\/\/supplychange.de\/wp-content\/uploads\/2020\/08\/IMG_20200711_134920-scaled-e1598810279527-1536x1152.jpg 1536w, https:\/\/supplychange.de\/wp-content\/uploads\/2020\/08\/IMG_20200711_134920-scaled-e1598810279527-2048x1536.jpg 2048w, https:\/\/supplychange.de\/wp-content\/uploads\/2020\/08\/IMG_20200711_134920-scaled-e1598810279527-766x575.jpg 766w\" sizes=\"(max-width: 766px) 100vw, 766px\" \/><\/div><a href=\"https:\/\/supplychange.de\/?p=642\">Glasbackschale &#8211; die Alternative zum Backpapier<\/a><\/li>\n<li><div class=\"wp-block-latest-posts__featured-image\"><img width=\"766\" height=\"677\" src=\"https:\/\/supplychange.de\/wp-content\/uploads\/2020\/09\/IMG_20200920_144957-scaled-e1600721305237-1024x905.jpg\" class=\"attachment-large size-large wp-post-image\" alt=\"\" loading=\"lazy\" style=\"\" srcset=\"https:\/\/supplychange.de\/wp-content\/uploads\/2020\/09\/IMG_20200920_144957-scaled-e1600721305237-1024x905.jpg 1024w, https:\/\/supplychange.de\/wp-content\/uploads\/2020\/09\/IMG_20200920_144957-scaled-e1600721305237-300x265.jpg 300w, https:\/\/supplychange.de\/wp-content\/uploads\/2020\/09\/IMG_20200920_144957-scaled-e1600721305237-768x678.jpg 768w, https:\/\/supplychange.de\/wp-content\/uploads\/2020\/09\/IMG_20200920_144957-scaled-e1600721305237-1536x1357.jpg 1536w, https:\/\/supplychange.de\/wp-content\/uploads\/2020\/09\/IMG_20200920_144957-scaled-e1600721305237-766x677.jpg 766w, https:\/\/supplychange.de\/wp-content\/uploads\/2020\/09\/IMG_20200920_144957-scaled-e1600721305237.jpg 1920w\" sizes=\"(max-width: 766px) 100vw, 766px\" \/><\/div><a href=\"https:\/\/supplychange.de\/?p=644\">Urlau(b) &#8211; Allg\u00e4uer Genussmanufaktur<\/a><\/li>\n<li><div class=\"wp-block-latest-posts__featured-image\"><img width=\"766\" height=\"575\" src=\"https:\/\/supplychange.de\/wp-content\/uploads\/2020\/08\/IMG_20200825_124700-1024x768.jpg\" class=\"attachment-large size-large wp-post-image\" alt=\"\" loading=\"lazy\" style=\"\" srcset=\"https:\/\/supplychange.de\/wp-content\/uploads\/2020\/08\/IMG_20200825_124700-1024x768.jpg 1024w, https:\/\/supplychange.de\/wp-content\/uploads\/2020\/08\/IMG_20200825_124700-300x225.jpg 300w, https:\/\/supplychange.de\/wp-content\/uploads\/2020\/08\/IMG_20200825_124700-768x576.jpg 768w, https:\/\/supplychange.de\/wp-content\/uploads\/2020\/08\/IMG_20200825_124700-1536x1152.jpg 1536w, https:\/\/supplychange.de\/wp-content\/uploads\/2020\/08\/IMG_20200825_124700-2048x1536.jpg 2048w, https:\/\/supplychange.de\/wp-content\/uploads\/2020\/08\/IMG_20200825_124700-766x575.jpg 766w\" sizes=\"(max-width: 766px) 100vw, 766px\" \/><\/div><a href=\"https:\/\/supplychange.de\/?p=633\">Familie Wurm allein Zuhaus<\/a><\/li>\n<\/ul>\n\n\n<div class=\"wp-block-button aligncenter\"><a class=\"wp-block-button__link has-text-color has-white-color has-background has-gray-background-color\" href=\"https:\/\/supplychange.de\/?page_id=8\">Mehr in unserem Blog<\/a><\/div>\n\n\n\n<hr class=\"wp-block-separator\"\/>\n\n\n\n<h4 class=\"has-text-align-center\"> <strong>Euch interessieren detaillierte Beitr\u00e4ge, in denen wir alles zu einem Thema zusammengefasst haben?<\/strong><\/h4>\n\n\n\n<p class=\"has-text-align-center\">Dann schaut hier vorbei<\/p>\n\n\n\n<div class=\"wp-block-button aligncenter is-style-fill\"><a class=\"wp-block-button__link has-text-color has-white-color has-background has-gray-background-color\" href=\"https:\/\/supplychange.de\/?page_id=9\">Themen\u00fcbersichten<\/a><\/div>\n\n\n\n<hr class=\"wp-block-separator\"\/>\n\n\n\n<p class=\"has-text-color has-background has-text-align-center has-regular-font-size has-white-color has-accent-background-color\">Ihr m\u00f6chtet einen <strong>Gastbeitrag <\/strong>schreiben oder eine gemeinsame <strong>Initative <\/strong>starten? Schreibt uns gerne an <a href=\"mailto:info@supplychange.de\" target=\"_blank\" rel=\"noreferrer noopener\">info@supplychange.de<\/a>!<\/p>\n","protected":false},"excerpt":{"rendered":"<p>Willkommen bei SupplyChange! Wenn euch das Thema Nachhaltigkeit im Alltag interessiert, seid ihr hier genau richtig! Vielleicht findet ihr ja ein paar Tipps und Tricks, die ihr in euren Alltag \u00fcbernehmen wollt! Ihr wollt wissen wer &#8220;wir&#8221; eigentlich sind? Euch interessiert \u00fcber was wir so schreiben? Ihr k\u00f6nnt alle Beitr\u00e4ge zu einem der unten genannten [&hellip;]<\/p>\n","protected":false},"author":1,"featured_media":0,"parent":0,"menu_order":0,"comment_status":"closed","ping_status":"closed","template":"","meta":[],"_links":{"self":[{"href":"https:\/\/supplychange.de\/index.php?rest_route=\/wp\/v2\/pages\/26"}],"collection":[{"href":"https:\/\/supplychange.de\/index.php?rest_route=\/wp\/v2\/pages"}],"about":[{"href":"https:\/\/supplychange.de\/index.php?rest_route=\/wp\/v2\/types\/page"}],"author":[{"embeddable":true,"href":"https:\/\/supplychange.de\/index.php?rest_route=\/wp\/v2\/users\/1"}],"replies":[{"embeddable":true,"href":"https:\/\/supplychange.de\/index.php?rest_route=%2Fwp%2Fv2%2Fcomments&post=26"}],"version-history":[{"count":34,"href":"https:\/\/supplychange.de\/index.php?rest_route=\/wp\/v2\/pages\/26\/revisions"}],"predecessor-version":[{"id":611,"href":"https:\/\/supplychange.de\/index.php?rest_route=\/wp\/v2\/pages\/26\/revisions\/611"}],"wp:attachment":[{"href":"https:\/\/supplychange.de\/index.php?rest_route=%2Fwp%2Fv2%2Fmedia&parent=26"}],"curies":[{"name":"wp","href":"https:\/\/api.w.org\/{rel}","templated":true}]}}